South Meridian, Idaho

43° 33.05' N | 116° 21.16' W | 2687 feet | Show on map

Climate Summary for November 2020

06/22/2021 03:49:00 PM MDT

Station:WeatherFlow
Software:WeeWX v4.5.1
Weewx uptime:0 days, 22 hours, 58 minutes
Server uptime:0 days, 22 hours, 58 minutes

                   MONTHLY CLIMATOLOGICAL SUMMARY FOR Nov 2020


NAME: South Meridian, Idaho (CW9009)                  
ELEV: 2687 feet    LAT: 43-33.05 N    LONG: 116-21.16 W


                   TEMPERATURE (°F), RAIN (in), WIND SPEED (mph)

                                         HEAT   COOL         AVG
      MEAN                               DEG    DEG          WIND                   DOM
DAY   TEMP   HIGH   TIME    LOW   TIME   DAYS   DAYS   RAIN  SPEED   HIGH   TIME    DIR
---------------------------------------------------------------------------------------
 01   43.4   60.5  15:19   30.6  07:11   21.6    0.0   0.00    1.3   13.2  10:19    228
 02   44.8   62.7  13:24   31.4  07:30   20.2    0.0   0.00    1.1    7.1  10:58    251
 03   44.7   62.7  14:19   32.1  04:46   20.3    0.0   0.00    1.1    8.6  15:22    251
 04   49.2   68.1  14:27   34.1  02:43   15.8    0.0   0.00    0.8    6.0  23:58    195
 05   56.1   73.7  14:19   40.4  07:19    8.9    0.0   0.00    1.9   12.8  21:40    133
 06   56.6   67.8  14:05   46.1  23:57    8.4    0.0   0.00    2.8   16.9  21:51    197
 07   41.6   48.5  14:43   32.8  23:10   23.4    0.0   0.02    3.1   16.1  00:17    258
 08   32.7   35.7  14:35   31.0  19:29   32.3    0.0   0.00    3.7   15.2  00:58    268
 09   31.1   37.0  15:09   27.9  07:37   33.9    0.0   0.00    2.6    9.1  09:49    269
 10   36.1   44.3  14:32   30.5  00:00   28.9    0.0   0.01    1.4    9.7  17:11    147
 11   36.2   43.0  14:12   27.0  23:59   28.8    0.0   0.01    1.9   16.8  12:36    258
 12   33.2   45.1  14:30   22.4  04:07   31.8    0.0   0.00    2.3   12.8  15:06    164
 13   37.9   43.2  16:48   33.4  00:13   27.1    0.0   0.28    2.6   17.9  10:53    161
 14   38.9   45.4  14:13   32.7  07:54   26.1    0.0   0.02    1.9   14.4  23:03    245
 15   41.7   45.9  15:39   37.3  00:59   23.3    0.0   0.55    2.3   15.2  00:17    137
 16   48.1   57.8  12:48   42.1  23:47   16.9    0.0   0.01    2.6   12.3  17:17    132
 17   49.1   59.6  13:08   39.0  05:41   15.9    0.0   0.00    2.2   14.1  18:29    153
 18   48.2   56.0  14:04   42.5  23:53   16.8    0.0   0.36    2.4   18.2  14:48    137
 19   41.2   49.8  14:27   30.5  23:57   23.8    0.0   0.12    2.1   17.8  15:08    262
 20   33.6   46.0  14:06   26.2  08:12   31.4    0.0   0.00    1.5    7.7  14:49    257
 21   30.4   40.7  13:58   23.2  07:11   34.6    0.0   0.00    1.8    7.0  16:19    269
 22   31.4   40.6  14:56   25.8  08:18   33.6    0.0   0.00    1.6    8.0  11:39    261
 23   31.6   39.5  14:15   25.8  05:55   33.4    0.0   0.00    1.7    7.9  14:53    270
 24   34.5   44.7  14:53   26.4  04:55   30.5    0.0   0.00    1.6   10.8  23:05    246
 25   36.0   42.4  13:47   33.0  02:35   29.0    0.0   0.00    1.7   12.3  13:42    262
 26   33.8   42.9  13:48   28.1  08:50   31.2    0.0   0.00    1.8   10.9  15:13    266
 27   32.3   43.3  14:21   23.6  07:23   32.7    0.0   0.00    1.8   13.8  11:04    232
 28   29.1   37.8  13:56   23.5  08:12   35.9    0.0   0.00    2.1   10.1  17:59    268
 29   28.6   40.5  14:25   21.7  07:12   36.4    0.0   0.00    1.9   10.1  13:12    255
 30   26.7   34.3  14:34   20.1  02:57   38.3    0.0   0.00    2.1    9.4  11:47    271
---------------------------------------------------------------------------------------
      38.7   73.7     05   20.1     30  791.1    0.0   1.38    2.0   18.2     18    239
    
Updated: 12/01/2020 12:00:00 AM