South Meridian, Idaho

43° 33.05' N | 116° 21.16' W | 2687 feet | Show on map

Climate Summary for January 2021

10/17/2021 04:37:00 PM MDT

Station:WeatherFlow
Software:WeeWX v4.5.1
Weewx uptime:8 days, 17 hours, 0 minutes
Server uptime:24 days, 2 hours, 51 minutes

                   MONTHLY CLIMATOLOGICAL SUMMARY FOR Jan 2021


NAME: South Meridian, Idaho (CW9009)                  
ELEV: 2687 feet    LAT: 43-33.05 N    LONG: 116-21.16 W


                   TEMPERATURE (°F), RAIN (in), WIND SPEED (mph)

                                         HEAT   COOL         AVG
      MEAN                               DEG    DEG          WIND                   DOM
DAY   TEMP   HIGH   TIME    LOW   TIME   DAYS   DAYS   RAIN  SPEED   HIGH   TIME    DIR
---------------------------------------------------------------------------------------
 01   37.0   43.6  13:10   30.0  08:23   28.0    0.0   0.00    2.2   16.1  12:15    144
 02   39.1   46.2  15:21   32.7  07:38   25.9    0.0   0.00    1.4    9.4  22:04    163
 03   41.6   49.5  15:23   36.8  22:14   23.4    0.0   0.39    1.3   10.2  23:38    162
 04   41.8   46.6  18:02   38.6  23:59   23.2    0.0   0.29    3.1   29.0  18:49    138
 05   37.4   44.6  14:26   31.3  07:26   27.6    0.0   0.00    1.5   11.6  22:11    264
 06   37.0   44.3  14:32   30.7  08:43   28.0    0.0   0.00    2.1   15.2  14:06    145
 07   38.0   44.2  14:20   34.7  04:09   27.0    0.0   0.14    1.2    8.8  03:42    258
 08   33.3   38.6  14:15   29.5  04:08   31.7    0.0   0.00    2.1   12.6  12:03    237
 09   33.8   39.5  15:53   30.3  07:55   31.2    0.0   0.00    1.6    7.1  15:08    261
 10   33.3   39.5  14:58   27.7  23:13   31.7    0.0   0.00    1.4    7.1  14:53    177
 11   31.5   40.7  16:12   25.0  04:45   33.5    0.0   0.00    1.5    6.8  16:27    196
 12   36.1   43.6  22:47   30.8  00:00   28.9    0.0   0.22    2.2   12.5  20:05    132
 13   43.5   48.4  15:05   30.8  23:56   21.5    0.0   0.07    3.6   19.7  14:40    192
 14   34.5   44.1  15:40   29.1  01:29   30.5    0.0   0.00    1.3    7.0  16:16    262
 15   30.8   38.5  13:51   26.3  08:10   34.2    0.0   0.03    1.5    8.3  13:56    265
 16
 17
 18
 19
 20
 21
 22   36.0   38.5  14:46   33.7  20:28   29.0    0.0   0.00    2.2    9.6  23:42    270
 23   32.5   39.4  15:45   25.1  23:57   32.5    0.0   0.00    3.2   19.9  12:15    267
 24   29.9   40.4  15:50   20.7  08:19   35.1    0.0   0.00    2.0   14.6  15:01    185
 25   30.5   35.9  15:33   26.8  08:29   34.5    0.0   0.00    1.6    9.7  15:51    264
 26   31.2   40.6  15:19   23.6  06:08   33.8    0.0   0.00    2.2   21.6  23:32    159
 27   39.6   45.9  14:20   32.6  07:21   25.4    0.0   0.00    4.9   28.7  15:29    127
 28   45.6   53.0  14:24   41.3  06:35   19.4    0.0   0.00    3.7   25.2  11:57    122
 29   38.2   42.7  00:00   33.2  22:31   26.8    0.0   0.49    0.9    9.8  16:07    284
 30   38.5   47.8  15:43   30.8  08:26   26.5    0.0   0.00    1.5   11.2  21:48     78
 31   40.2   51.5  15:02   30.8  08:19   24.8    0.0   0.00    3.1   22.8  15:09    125
---------------------------------------------------------------------------------------
      36.5   53.0     28   20.7     24  714.1    0.0   1.64    2.1   29.0     04    177
    
Updated: 02/01/2021 12:00:00 AM