South Meridian, Idaho

43° 33.05' N | 116° 21.16' W | 2687 feet | Show on map

Climate Summary for February 2021

06/22/2021 03:57:00 PM MDT

Station:WeatherFlow
Software:WeeWX v4.5.1
Weewx uptime:0 days, 23 hours, 6 minutes
Server uptime:0 days, 23 hours, 6 minutes

                   MONTHLY CLIMATOLOGICAL SUMMARY FOR Feb 2021


NAME: South Meridian, Idaho (CW9009)                  
ELEV: 2687 feet    LAT: 43-33.05 N    LONG: 116-21.16 W


                   TEMPERATURE (°F), RAIN (in), WIND SPEED (mph)

                                         HEAT   COOL         AVG
      MEAN                               DEG    DEG          WIND                   DOM
DAY   TEMP   HIGH   TIME    LOW   TIME   DAYS   DAYS   RAIN  SPEED   HIGH   TIME    DIR
---------------------------------------------------------------------------------------
 01   42.9   53.1  16:41   36.1  03:23   22.1    0.0   0.00    2.8   19.5  14:58    125
 02   44.9   58.5  14:55   37.1  03:03   20.1    0.0   0.14    3.3   22.2  16:03    146
 03   36.6   40.8  13:12   32.3  07:30   28.4    0.0   0.00    1.1   10.6  11:27    280
 04   35.6   43.0  16:12   27.6  08:40   29.4    0.0   0.00    1.6   11.1  12:15    277
 05   41.1   50.3  14:22   34.7  23:57   23.9    0.0   0.00    2.3   29.7  14:56    268
 06   40.2   53.1  15:55   27.9  05:52   24.8    0.0   0.00    2.1   17.6  21:11    272
 07   38.8   47.4  14:57   30.6  08:30   26.2    0.0   0.00    2.0   19.1  13:45    269
 08   32.9   41.7  15:21   23.3  08:24   32.1    0.0   0.00    2.3   13.7  14:57    272
 09   34.6   44.8  15:32   26.6  23:57   30.4    0.0   0.00    2.0   10.9  13:26    277
 10   32.4   48.0  16:05   20.6  06:41   32.6    0.0   0.00    2.0   12.9  16:39    266
 11   33.3   39.7  16:36   28.7  03:43   31.7    0.0   0.00    1.4    5.4  13:50    282
 12   30.4   33.9  11:55   28.3  22:07   34.6    0.0   0.00    2.5    6.2  16:05    277
 13   29.4   33.9  12:43   23.6  23:59   35.6    0.0   0.00    2.3    7.0  14:14    277
 14   27.3   38.4  15:08   13.1  05:19   37.7    0.0   0.00    2.4    7.4  23:14    274
 15   35.0   39.3  12:37   32.0  00:01   30.0    0.0   0.04    1.6   12.4  13:54    117
 16   37.3   42.3  14:40   33.6  23:59   27.7    0.0   0.03    2.2   14.6  12:07    273
 17   33.6   39.2  15:55   28.0  23:59   31.4    0.0   0.00    2.7   15.8  13:40    272
 18   29.4   37.0  15:40   19.1  07:25   35.6    0.0   0.00    2.3    9.9  19:28    180
 19   37.0   44.6  14:03   32.1  08:25   28.0    0.0   0.04    1.5   10.7  22:22    121
 20   35.0   41.9  15:51   30.1  08:51   30.0    0.0   0.01    2.1   13.2  15:18    271
 21   35.1   43.4  15:42   26.0  06:37   29.9    0.0   0.00    1.5    9.9  15:32    274
 22   41.9   53.1  16:13   30.6  07:36   23.1    0.0   0.00    1.7   14.7  22:00    120
 23   40.0   47.9  01:09   32.6  23:59   25.0    0.0   0.00    3.1   16.9  12:12    271
 24   34.2   41.1  14:46   27.8  23:58   30.8    0.0   0.00    3.3   20.8  15:16    272
 25   31.1   40.9  15:38   21.7  06:13   33.9    0.0   0.00    2.1   14.1  17:00    185
 26   34.3   41.4  11:44   27.3  02:57   30.7    0.0   0.02    3.4   21.4  11:43    276
 27   33.7   40.1  15:07   27.6  23:58   31.3    0.0   0.02    2.4   22.7  16:10    274
 28   32.0   44.3  16:58   21.5  05:14   33.0    0.0   0.00    1.8    9.9  11:59    269
---------------------------------------------------------------------------------------
      35.4   58.5     02   13.1     14  830.1    0.0   0.29    2.2   29.7     05    267
    
Updated: 03/01/2021 12:00:00 AM