South Meridian, Idaho

43° 33.05' N | 116° 21.16' W | 2687 feet | Show on map

Climate Summary for March 2021

10/17/2021 05:06:00 PM MDT

Station:WeatherFlow
Software:WeeWX v4.5.1
Weewx uptime:8 days, 17 hours, 29 minutes
Server uptime:24 days, 3 hours, 20 minutes

                   MONTHLY CLIMATOLOGICAL SUMMARY FOR Mar 2021


NAME: South Meridian, Idaho (CW9009)                  
ELEV: 2687 feet    LAT: 43-33.05 N    LONG: 116-21.16 W


                   TEMPERATURE (°F), RAIN (in), WIND SPEED (mph)

                                         HEAT   COOL         AVG
      MEAN                               DEG    DEG          WIND                   DOM
DAY   TEMP   HIGH   TIME    LOW   TIME   DAYS   DAYS   RAIN  SPEED   HIGH   TIME    DIR
---------------------------------------------------------------------------------------
 01   38.5   53.0  15:09   27.8  07:39   26.5    0.0   0.00    2.9   22.7  13:25    126
 02   42.2   57.3  15:35   31.3  04:26   22.8    0.0   0.00    1.6    9.8  10:14    125
 03   44.0   59.6  15:43   31.8  07:21   21.0    0.0   0.00    1.4   10.8  09:51    137
 04   44.9   61.3  15:30   28.3  07:11   20.1    0.0   0.00    1.7   11.3  20:15    218
 05   52.2   67.8  14:24   36.0  07:32   12.8    0.0   0.00    3.4   18.2  22:03    124
 06   47.0   56.0  00:00   36.0  23:58   18.0    0.0   0.06    2.2   16.2  11:37    241
 07   43.5   57.2  14:27   32.4  02:43   21.5    0.0   0.00    1.8   11.7  10:43    242
 08   40.9   55.2  14:46   34.8  01:47   24.1    0.0   0.04    1.7   18.0  16:14    272
 09   39.3   52.8  14:24   26.7  06:59   25.7    0.0   0.00    1.6   16.3  14:29    265
 10   39.2   54.3  14:34   25.1  07:05   25.8    0.0   0.00    1.8   11.5  14:17    268
 11   39.7   54.5  16:32   25.9  07:15   25.3    0.0   0.00    2.5   14.0  13:46    270
 12   39.0   53.3  16:27   24.9  07:25   26.0    0.0   0.00    2.4   17.7  14:50    268
 13   40.9   57.9  16:40   25.1  07:12   24.1    0.0   0.00    2.1   14.9  13:42    267
 14   47.6   66.0  17:32   29.6  06:01   17.4    0.0   0.00    1.7   10.9  10:38    258
 15   47.8   60.7  16:12   37.6  08:14   17.2    0.0   0.00    3.5   27.1  17:44    267
 16   43.2   54.5  17:52   35.2  08:07   21.8    0.0   0.00    3.7   19.2  15:26    267
 17   46.7   64.0  16:19   31.3  07:27   18.3    0.0   0.00    1.7   10.9  15:10    164
 18   53.4   69.3  15:14   38.4  05:56   11.6    0.0   0.00    2.1   13.9  08:57    135
 19   53.2   59.0  18:21   48.6  23:58   11.8    0.0   0.20    1.8   34.2  08:54    177
 20   46.4   53.2  17:01   39.2  23:59   18.6    0.0   0.00    4.0   26.5  14:06    267
 21   41.2   51.5  17:35   29.5  08:04   23.8    0.0   0.00    2.2   14.1  14:34    265
 22   40.1   49.6  16:03   33.9  23:59   24.9    0.0   0.27    2.5   25.7  20:23    275
 23   40.0   51.6  16:55   31.3  07:56   25.0    0.0   0.00    4.7   23.8  12:03    268
 24   40.0   50.1  14:48   28.2  07:51   25.0    0.0   0.13    1.9    9.6  00:12    265
 25   42.0   50.8  18:26   36.3  08:24   23.0    0.0   0.24    3.0   17.4  22:42    263
 26   43.5   55.6  17:25   33.1  07:56   21.5    0.0   0.00    3.5   19.9  11:57    266
 27   45.6   62.3  18:40   29.9  07:41   19.4    0.0   0.00    1.4   14.5  13:41    266
 28   57.9   76.0  18:34   38.2  06:19    7.1    0.0   0.00    2.7   24.4  23:36    236
 29   41.4   62.7  00:00   32.3  08:15   23.6    0.0   0.04    5.5   35.0  01:30    265
 30   38.3   48.4  17:09   29.7  03:20   26.7    0.0   0.00    3.2   17.1  13:15    266
 31   43.2   61.4  16:29   24.6  07:03   21.8    0.0   0.00    2.4   11.8  19:19    169
---------------------------------------------------------------------------------------
      44.0   76.0     28   24.6     31  652.0    0.0   0.97    2.5   35.0     29    257
    
Updated: 04/01/2021 12:00:00 AM