South Meridian, Idaho

43° 33.05' N | 116° 21.16' W | 2687 feet | Show on map

Climate Summary for April 2021

08/03/2021 02:37:00 PM MDT

Station:WeatherFlow
Software:WeeWX v4.5.1
Weewx uptime:27 days, 18 hours, 1 minute
Server uptime:27 days, 17 hours, 47 minutes

                   MONTHLY CLIMATOLOGICAL SUMMARY FOR Apr 2021


NAME: South Meridian, Idaho (CW9009)                  
ELEV: 2687 feet    LAT: 43-33.05 N    LONG: 116-21.16 W


                   TEMPERATURE (°F), RAIN (in), WIND SPEED (mph)

                                         HEAT   COOL         AVG
      MEAN                               DEG    DEG          WIND                   DOM
DAY   TEMP   HIGH   TIME    LOW   TIME   DAYS   DAYS   RAIN  SPEED   HIGH   TIME    DIR
---------------------------------------------------------------------------------------
 01   55.3   76.9  18:37   33.7  07:57    9.7    0.0   0.00    2.6   14.3  10:36    131
 02   58.0   75.6  17:00   38.4  08:06    7.0    0.0   0.00    1.2    7.2  16:08    134
 03   61.2   79.0  16:03   41.3  07:39    3.8    0.0   0.00    1.1    8.0  13:42    141
 04   59.1   73.8  16:39   45.1  07:47    5.9    0.0   0.00    1.6   11.6  14:47    242
 05   46.0   55.4  00:01   41.3  09:30   19.0    0.0   0.01    5.2   26.3  15:52    259
 06   46.5   61.2  18:17   32.7  07:39   18.5    0.0   0.00    3.1   15.9  14:39    261
 07   54.5   72.1  17:27   36.1  07:08   10.5    0.0   0.00    1.7   13.0  09:20    175
 08   49.1   54.6  14:28   38.4  23:59   15.9    0.0   0.00    3.8   29.7  18:04    258
 09   46.1   65.3  19:46   27.5  07:31   18.9    0.0   0.00    1.6    9.0  15:48    256
 10   46.8   60.8  15:24   33.4  07:15   18.2    0.0   0.00    3.9   28.6  20:05    264
 11   40.7   51.7  17:58   28.8  07:54   24.3    0.0   0.00    3.8   22.2  16:29    260
 12   43.5   60.0  17:18   27.2  07:23   21.5    0.0   0.00    2.3   12.9  15:05    264
 13   46.9   57.3  19:02   34.2  07:52   18.1    0.0   0.00    2.2   16.9  17:45    260
 14   48.3   59.8  17:14   38.8  07:13   16.7    0.0   0.00    2.5   16.8  12:16    266
 15   51.5   64.2  19:55   37.4  06:58   13.5    0.0   0.00    2.3   16.3  16:20    255
 16   53.8   65.6  18:00   42.9  06:51   11.2    0.0   0.01    2.2   15.7  18:49    240
 17   58.5   69.5  18:21   40.6  06:40    6.5    0.0   0.00    2.1   12.7  16:09    242
 18   56.2   75.4  19:43   36.0  07:21    8.8    0.0   0.00    1.4   12.8  16:12    249
 19   54.8   64.3  18:01   43.5  04:14   10.2    0.0   0.00    3.7   32.6  12:09    260
 20   50.1   63.8  19:41   36.5  07:14   14.9    0.0   0.00    2.4   16.8  00:36    219
 21   50.8   66.4  19:43   35.2  07:17   14.2    0.0   0.00    2.1   17.6  15:30    254
 22   54.1   70.3  17:37   35.8  07:17   10.9    0.0   0.00    1.8   14.9  15:34    255
 23   55.3   67.7  19:42   41.6  06:59    9.7    0.0   0.00    2.0   15.9  10:04    258
 24   54.1   64.1  18:13   50.1  10:32   10.9    0.0   0.32    2.0   12.6  05:26    133
 25   51.0   62.1  18:49   44.2  08:09   14.0    0.0   0.14    1.6   11.6  07:26    230
 26   45.4   47.6  17:50   42.1  23:56   19.6    0.0   0.49    2.1   12.5  12:53    253
 27   50.8   65.0  19:13   38.9  07:12   14.2    0.0   0.00    1.7   14.1  16:11    265
 28   55.7   73.0  19:21   38.6  07:10    9.3    0.0   0.00    1.9   14.6  13:44    256
 29   64.2   84.0  18:25   43.6  06:55    0.8    0.0   0.00    0.9    9.0  11:20    223
 30   69.1   84.5  18:34   53.0  07:24    0.0    4.1   0.00    1.4   11.2  03:59    213
---------------------------------------------------------------------------------------
      52.5   84.5     30   27.2     12  376.6    4.1   0.96    2.3   32.6     19    251
    
Updated: 05/01/2021 12:00:00 AM