South Meridian, Idaho

43° 33.05' N | 116° 21.16' W | 2687 feet | Show on map

Climate Summary for May 2021

06/22/2021 03:32:00 PM MDT

Station:WeatherFlow
Software:WeeWX v4.5.1
Weewx uptime:0 days, 22 hours, 41 minutes
Server uptime:0 days, 22 hours, 41 minutes

                   MONTHLY CLIMATOLOGICAL SUMMARY FOR May 2021


NAME: South Meridian, Idaho (CW9009)                  
ELEV: 2687 feet    LAT: 43-33.05 N    LONG: 116-21.16 W


                   TEMPERATURE (°F), RAIN (in), WIND SPEED (mph)

                                         HEAT   COOL         AVG
      MEAN                               DEG    DEG          WIND                   DOM
DAY   TEMP   HIGH   TIME    LOW   TIME   DAYS   DAYS   RAIN  SPEED   HIGH   TIME    DIR
---------------------------------------------------------------------------------------
 01   61.2   73.4  14:50   53.4  23:57    3.8    0.0   0.09    2.9   32.7  15:07    259
 02   54.9   64.3  18:19   46.5  06:51   10.1    0.0   0.00    4.9   29.3  15:05    253
 03   55.1   70.1  19:11   41.1  06:57    9.9    0.0   0.00    2.3   14.5  13:32    256
 04   57.6   70.7  18:30   42.8  06:31    7.4    0.0   0.00    2.2   15.8  18:19    257
 05   60.8   80.0  16:55   40.2  06:59    4.2    0.0   0.00    1.2   11.0  13:11    157
 06   70.7   92.1  17:34   52.1  00:59    0.0    5.7   0.00    2.6   13.6  07:41    138
 07   59.6   70.8  00:06   48.8  23:59    5.4    0.0   0.01    3.3   17.1  19:27    249
 08   50.1   61.8  19:50   38.7  07:00   14.9    0.0   0.00    2.7   13.3  00:26    248
 09   51.4   64.5  18:43   37.0  06:46   13.6    0.0   0.00    2.4   17.7  15:09    251
 10   54.5   67.6  19:32   41.1  07:08   10.5    0.0   0.00    2.5   13.8  19:03    254
 11   57.0   73.9  19:32   39.5  06:36    8.0    0.0   0.01    1.4   12.8  15:40    244
 12   63.8   84.5  17:26   42.2  06:45    1.2    0.0   0.00    1.2    6.9  16:13    196
 13   68.5   82.9  15:48   52.0  06:57    0.0    3.5   0.00    1.4   10.9  16:35    256
 14   65.7   82.1  19:03   51.6  07:04    0.0    0.7   0.00    1.3    9.8  12:45    236
 15   66.6   83.0  19:41   53.2  06:41    0.0    1.6   0.00    1.1    7.1  16:39    251
 16   68.3   86.1  17:44   49.4  06:53    0.0    3.3   0.00    1.7   10.3  19:40    258
 17   73.5   91.0  19:33   53.9  06:43    0.0    8.5   0.00    1.4    9.4  00:12    137
 18   66.1   75.8  19:11   57.1  06:51    0.0    1.1   0.00    2.2   14.1  09:20    248
 19   52.9   58.6  12:49   48.3  06:07   12.1    0.0   0.01    3.2   25.1  14:19    241
 20   51.2   62.5  16:07   40.7  06:47   13.8    0.0   0.00    3.6   15.1  19:45    245
 21   49.3   55.7  18:22   44.1  04:57   15.7    0.0   0.04    3.1   16.6  15:55    243
 22   49.8   57.2  17:56   43.5  07:19   15.2    0.0   0.61    2.2   14.9  18:16    254
 23   53.6   67.2  20:35   44.0  04:37   11.4    0.0   0.00    2.2   18.1  17:16    268
 24   59.0   73.5  18:13   49.5  03:13    6.0    0.0   0.00    0.6    2.8  07:09     81
 25   55.1   65.6  14:52   47.4  06:04    9.9    0.0   0.24    1.5   13.2  16:44     95
 26   59.7   76.2  20:24   46.4  06:57    5.3    0.0   0.00    1.1    8.4  13:16     73
 27   66.9   84.6  17:44   46.9  05:51    0.0    1.9   0.00    1.4    9.1  10:48    307
 28   61.8   73.4  20:25   50.9  07:36    3.2    0.0   0.00    1.8    8.2  11:03     66
 29   60.9   79.8  18:51   42.7  06:45    4.1    0.0   0.00    1.4    7.8  17:57     39
 30   66.4   84.8  17:36   45.7  06:40    0.0    1.4   0.00    1.1    7.3  16:19     31
 31   71.2   89.0  19:09   52.2  06:33    0.0    6.2   0.00    1.0    8.6  16:14     58
---------------------------------------------------------------------------------------
      60.1   92.1     06   37.0     09  185.7   33.9   1.01    2.0   32.7     01    248
    
Updated: 06/01/2021 12:00:00 AM