South Meridian, Idaho

43° 33.05' N | 116° 21.16' W | 2687 feet | Show on map

Climate Summary for September 2021

04/16/2024 02:41:00 PM MDT

Station:WeatherFlow
Software:WeeWX v5.0.2
Weewx uptime:19 Days, 3 Hours, 24 Minutes
Server uptime:20 Days, 1 Hour, 23 Minutes

                   MONTHLY CLIMATOLOGICAL SUMMARY FOR Sep 2021


NAME: South Meridian, Idaho (CW9009)                  
ELEV: 2687 feet    LAT: 43-33.05 N    LONG: 116-21.16 W


                   TEMPERATURE (°F), RAIN (in), WIND SPEED (mph)

                                         HEAT   COOL         AVG
      MEAN                               DEG    DEG          WIND                   DOM
DAY   TEMP   HIGH   TIME    LOW   TIME   DAYS   DAYS   RAIN  SPEED   HIGH   TIME    DIR
---------------------------------------------------------------------------------------
 01   63.1   77.9  17:42   49.9  07:36    1.9    0.0   0.00    1.1    7.0  13:19    223
 02   61.2   77.3  17:11   45.8  07:31    3.8    0.0   0.00    1.1    9.7  18:16    229
 03   63.0   81.1  18:37   45.5  07:33    2.0    0.0   0.00    0.8    5.7  09:42    220
 04   65.3   87.1  17:34   46.2  06:24    0.0    0.3   0.00    0.7    5.8  08:31    201
 05   70.0   91.2  17:37   53.0  06:13    0.0    5.0   0.00    0.5    4.1  06:38    117
 06   69.9   88.5  17:57   52.9  07:37    0.0    4.9   0.00    0.6    4.9  12:27    209
 07   71.6   91.5  17:18   54.2  07:41    0.0    6.6   0.00    0.4    4.1  12:28    235
 08   73.7   90.3  16:32   60.2  05:20    0.0    8.7   0.00    0.7    5.5  08:48    236
 09   75.7   95.2  17:56   59.1  07:45    0.0   10.7   0.00    0.5    9.3  23:22    249
 10   68.9   77.0  13:06   58.8  23:58    0.0    3.9   0.17    0.8   12.6  13:51    253
 11   64.3   77.5  17:40   56.1  07:46    0.7    0.0   0.00    0.9    5.8  12:03    233
 12   65.2   81.6  17:23   49.8  07:41    0.0    0.2   0.00    1.0    6.6  20:27    212
 13   65.0   78.6  16:45   51.6  07:36    0.0    0.0   0.00    0.9    9.2  15:45    216
 14   63.3   80.0  18:20   47.2  07:56    1.7    0.0   0.00    0.9    6.2  11:33    208
 15   64.4   81.8  18:07   47.5  07:24    0.6    0.0   0.00    0.9    5.9  11:11    223
 16   59.8   69.3  17:19   50.6  07:49    5.2    0.0   0.00    1.9   10.2  09:13    234
 17   62.2   85.3  17:40   39.8  05:07    2.8    0.0   0.00    1.4    9.8  22:25    138
 18   67.6   83.4  15:05   61.2  08:08    0.0    2.6   0.00    1.6   12.1  15:44    197
 19   58.3   64.3  17:44   52.8  23:59    6.7    0.0   0.01    2.1   12.9  12:54    195
 20   54.1   66.1  17:12   40.6  08:00   10.9    0.0   0.00    1.2   10.0  16:58    234
 21   58.7   76.8  16:38   42.5  05:07    6.3    0.0   0.00    1.4    8.2  11:23    127
 22   64.6   79.7  16:37   51.1  08:05    0.4    0.0   0.00    1.5    7.6  23:42    152
 23   63.5   75.5  17:12   51.9  08:16    1.5    0.0   0.00    1.6    9.7  15:24    228
 24   64.5   82.3  16:47   49.6  05:56    0.5    0.0   0.00    1.1    6.3  14:22    148
 25   65.9   84.3  17:42   49.9  07:21    0.0    0.9   0.00    0.7    6.3  13:12    151
 26   67.1   84.6  17:55   50.9  08:06    0.0    2.1   0.00    0.7    4.6  03:49    142
 27   67.7   85.4  15:54   51.4  08:09    0.0    2.7   0.00    1.1   11.6  22:57    127
 28   55.0   68.8  00:08   46.3  23:56   10.0    0.0   0.12    2.0   16.4  05:15    226
 29   50.0   63.9  16:50   37.8  07:48   15.0    0.0   0.00    1.1   10.4  15:25    230
 30   53.4   71.3  16:38   37.2  07:35   11.6    0.0   0.00    1.0    7.4  12:11    156
---------------------------------------------------------------------------------------
      63.9   95.2     09   37.2     30   81.8   48.7   0.31    1.1   16.4     28    210
    
Updated: 10/01/2021 12:00:00 AM