South Meridian, Idaho

43° 33.05' N | 116° 21.16' W | 2687 feet | Show on map

Climate Summary for October 2021

10/17/2021 05:10:00 PM MDT

Station:WeatherFlow
Software:WeeWX v4.5.1
Weewx uptime:8 days, 17 hours, 33 minutes
Server uptime:24 days, 3 hours, 24 minutes

                   MONTHLY CLIMATOLOGICAL SUMMARY FOR Oct 2021


NAME: South Meridian, Idaho (CW9009)                  
ELEV: 2687 feet    LAT: 43-33.05 N    LONG: 116-21.16 W


                   TEMPERATURE (°F), RAIN (in), WIND SPEED (mph)

                                         HEAT   COOL         AVG
      MEAN                               DEG    DEG          WIND                   DOM
DAY   TEMP   HIGH   TIME    LOW   TIME   DAYS   DAYS   RAIN  SPEED   HIGH   TIME    DIR
---------------------------------------------------------------------------------------
 01   54.0   70.2  16:50   39.6  06:43   11.0    0.0   0.00    1.0    6.3  15:49    234
 02   57.0   74.6  17:00   41.4  07:46    8.0    0.0   0.00    1.0    5.4  13:47    176
 03   61.0   81.1  16:13   44.6  07:31    4.0    0.0   0.00    1.0    6.2  07:59    178
 04   65.4   85.5  16:06   51.3  08:16    0.0    0.4   0.00    1.3    7.6  06:59    119
 05   64.5   81.6  16:41   50.6  08:14    0.5    0.0   0.00    1.0    6.7  11:20    118
 06   60.2   68.9  15:24   54.5  23:58    4.8    0.0   0.00    1.3   10.1  16:26    215
 07   57.4   68.8  16:25   48.7  08:36    7.6    0.0   0.01    1.5   10.8  00:41    225
 08   56.2   60.6  11:56   51.7  23:57    8.8    0.0   0.26    2.0    9.8  12:02    153
 09   52.6   61.9  16:48   45.7  08:47   12.4    0.0   0.00    2.3   12.3  14:56    226
 10   51.3   65.1  17:02   39.9  05:09   13.7    0.0   0.08    1.1    7.7  23:55    197
 11   46.4   54.7  16:25   39.7  07:23   18.6    0.0   0.00    4.0   19.3  11:34    235
 12   44.4   54.0  17:09   35.4  08:24   20.6    0.0   0.00    2.6   13.6  15:50    240
 13   40.6   49.1  17:23   33.7  04:57   24.4    0.0   0.00    0.9    6.0  10:54    255
 14   43.3   55.3  16:52   34.0  02:08   21.7    0.0   0.00    1.0   11.1  14:48    240
 15   50.1   66.8  16:15   35.2  07:51   14.9    0.0   0.00    1.4    9.4  11:16    121
 16   53.5   71.6  16:05   39.8  08:26   11.5    0.0   0.00    2.3   10.8  09:35    116
 17   55.4   75.1  15:11   43.3  08:14    9.6    0.0   0.00    2.0   10.2  12:44    139
 18
 19
 20
 21
 22
 23
 24
 25
 26
 27
 28
 29
 30
 31
---------------------------------------------------------------------------------------
      53.7   85.5     04   33.7     13  192.1    0.4   0.35    1.6   19.3     11    206
    
Updated: 10/17/2021 05:09:00 PM