South Meridian, Idaho

43° 33.05' N | 116° 21.16' W | 2687 feet | Show on map

Climate Summary for November 2021

12/05/2023 08:22:00 AM MST

Station:WeatherFlow
Software:WeeWX v4.8.0
Weewx uptime:49 Days, 16 Hours, 44 Minutes
Server uptime:49 Days, 16 Hours, 25 Minutes

                   MONTHLY CLIMATOLOGICAL SUMMARY FOR Nov 2021


NAME: South Meridian, Idaho (CW9009)                  
ELEV: 2687 feet    LAT: 43-33.05 N    LONG: 116-21.16 W


                   TEMPERATURE (°F), RAIN (in), WIND SPEED (mph)

                                         HEAT   COOL         AVG
      MEAN                               DEG    DEG          WIND                   DOM
DAY   TEMP   HIGH   TIME    LOW   TIME   DAYS   DAYS   RAIN  SPEED   HIGH   TIME    DIR
---------------------------------------------------------------------------------------
 01   47.5   55.6  15:48   38.9  05:02   17.5    0.0   0.13    1.2   10.4  12:17    151
 02   51.9   59.6  14:50   46.2  23:59   13.1    0.0   0.00    1.2    6.9  14:21    240
 03   51.6   65.5  16:15   41.1  08:32   13.4    0.0   0.00    1.4    7.7  22:14    127
 04   55.0   62.2  17:19   47.5  03:10   10.0    0.0   0.06    2.4   13.4  09:08    122
 05   53.8   65.0  15:26   42.0  07:58   11.2    0.0   0.01    2.3   18.0  20:45    138
 06   52.7   59.0  14:40   47.5  23:59   12.3    0.0   0.10    1.0    7.3  18:11    195
 07   43.6   50.1  15:03   32.0  23:59   21.4    0.0   0.00    1.0    7.9  12:15    255
 08   38.2   51.2  14:28   28.9  04:54   26.8    0.0   0.00    2.2   10.1  14:52    126
 09   44.9   51.3  15:25   38.0  00:57   20.1    0.0   0.49    2.6   11.8  03:34     90
 10   42.0   50.3  13:58   35.4  08:15   23.0    0.0   0.00    0.8    6.6  13:57    210
 11   45.6   50.3  16:11   41.6  00:00   19.4    0.0   0.02    1.0    7.0  07:06    241
 12   47.7   57.4  15:34   40.2  07:58   17.3    0.0   0.00    0.9    6.5  14:24    262
 13   50.0   60.0  15:15   41.9  08:28   15.0    0.0   0.01    1.0    6.6  14:24    212
 14   51.6   63.2  14:36   43.6  04:32   13.4    0.0   0.00    1.0    7.7  10:36    130
 15   52.4   60.6  14:31   43.2  07:41   12.6    0.0   0.00    1.6   14.2  22:39    156
 16   42.2   56.6  00:00   31.4  23:59   22.8    0.0   0.00    3.7   16.5  11:44    252
 17   33.9   44.5  14:14   23.3  07:43   31.1    0.0   0.00    2.1    8.7  15:24    284
 18   39.6   46.9  15:31   33.0  02:53   25.4    0.0   0.09    1.3    8.4  22:29    340
 19   46.3   56.9  14:49   42.1  02:45   18.7    0.0   0.35    2.6   13.6  15:33    131
 20   39.5   46.3  15:11   32.0  23:55   25.5    0.0   0.00    2.1    9.4  15:30    255
 21   36.7   48.3  14:51   28.2  03:37   28.3    0.0   0.00    1.3   10.1  10:56    322
 22   36.5   47.9  14:41   29.8  23:59   28.5    0.0   0.00    1.4    8.4  16:09    276
 23   34.7   44.5  15:12   26.2  04:28   30.3    0.0   0.09    1.5    9.8  14:11    272
 24   34.9   42.6  15:23   29.0  08:31   30.1    0.0   0.00    1.9    8.1  10:49    264
 25   36.0   47.6  15:26   26.0  07:47   29.0    0.0   0.00    1.3    6.9  12:24    278
 26   38.6   44.5  15:31   32.7  08:19   26.4    0.0   0.00    0.8    6.4  13:59    270
 27   40.1   49.4  15:49   34.8  03:23   24.9    0.0   0.00    0.7    8.4  11:55    254
 28   40.1   52.3  14:36   32.3  08:27   24.9    0.0   0.00    0.7    5.3  14:37    265
 29   38.7   51.7  14:05   30.9  08:13   26.3    0.0   0.00    1.5    9.7  14:38    264
 30   39.5   50.5  14:36   31.0  04:44   25.5    0.0   0.00    1.3    9.7  12:00    270
---------------------------------------------------------------------------------------
      43.5   65.5     03   23.3     17  644.3    0.0   1.34    1.5   18.0     05    238
    
Updated: 12/01/2021 12:00:00 AM