South Meridian, Idaho

43° 33.05' N | 116° 21.16' W | 2687 feet | Show on map

Climate Summary for January 2022

04/16/2024 03:35:00 PM MDT

Station:WeatherFlow
Software:WeeWX v5.0.2
Weewx uptime:19 Days, 4 Hours, 19 Minutes
Server uptime:20 Days, 2 Hours, 17 Minutes

                   MONTHLY CLIMATOLOGICAL SUMMARY FOR Jan 2022


NAME: South Meridian, Idaho (CW9009)                  
ELEV: 2687 feet    LAT: 43-33.05 N    LONG: 116-21.16 W


                   TEMPERATURE (°F), RAIN (in), WIND SPEED (mph)

                                         HEAT   COOL         AVG
      MEAN                               DEG    DEG          WIND                   DOM
DAY   TEMP   HIGH   TIME    LOW   TIME   DAYS   DAYS   RAIN  SPEED   HIGH   TIME    DIR
---------------------------------------------------------------------------------------
 01   11.4   19.6  14:31    1.9  08:04   53.6    0.0   0.00    5.3    9.8  09:05    107
 02   17.4   27.7  15:38    9.4  04:24   47.6    0.0   0.00    3.2    6.8  07:39    222
 03   28.1   40.0  21:41   13.6  04:12   36.9    0.0   0.18    3.8   22.1  21:41    131
 04   34.5   37.4  12:20   33.2  02:58   30.5    0.0   0.06    1.2    7.1  22:18    100
 05   35.4   37.8  13:18   33.0  21:19   29.6    0.0   0.21    1.1    7.0  13:46    255
 06   37.0   41.6  15:26   33.6  01:30   28.0    0.0   0.01    0.7    6.4  21:35    133
 07   42.4   51.2  15:09   37.2  23:59   22.6    0.0   0.09    2.1   22.9  16:02    231
 08   35.4   40.8  14:18   27.4  23:55   29.6    0.0   0.00    1.4    7.5  12:35    266
 09   29.5   37.3  14:53   23.5  08:07   35.5    0.0   0.00    1.9    7.2  16:04    136
 10   28.6   35.2  16:45   22.3  08:56   36.4    0.0   0.00    1.6    6.3  13:32    268
 11   32.3   38.0  15:13   28.2  07:15   32.7    0.0   0.00    1.2    5.9  05:33    263
 12   31.6   40.1  15:55   24.3  08:09   33.4    0.0   0.00    1.3    5.1  12:26    274
 13   32.7   39.4  14:54   29.0  02:07   32.3    0.0   0.00    1.8    8.0  16:17    258
 14   33.0   42.9  15:02   26.2  08:40   32.0    0.0   0.00    1.8    7.7  02:35    242
 15   32.0   38.6  14:48   26.2  07:16   33.0    0.0   0.00    1.3    5.8  06:42    106
 16   31.5   39.5  14:32   26.1  02:55   33.5    0.0   0.00    1.4    5.1  12:23    274
 17   29.6   34.7  15:03   24.0  05:47   35.4    0.0   0.00    1.4    4.3  15:05    268
 18   32.3   35.0  14:08   30.6  05:47   32.7    0.0   0.00    1.3    5.5  18:04    266
 19   32.9   34.3  23:11   31.6  06:12   32.1    0.0   0.00    0.7    4.6  11:17    273
 20   34.2   36.6  13:38   32.5  08:46   30.8    0.0   0.03    1.1    7.1  09:54    113
 21   33.0   39.7  15:59   27.8  23:59   32.0    0.0   0.00    2.7   11.4  08:11    256
 22   31.1   37.7  14:28   25.6  03:36   33.9    0.0   0.00    1.3    8.5  14:33    110
 23   33.3   35.1  15:51   32.1  09:15   31.7    0.0   0.00    0.4    3.2  13:42    281
 24   31.6   34.6  14:12   28.9  23:54   33.4    0.0   0.00    1.5    7.8  22:34    263
 25   30.2   35.5  14:07   26.0  02:52   34.8    0.0   0.00    1.6    7.4  00:19    171
 26   29.2   31.0  14:37   26.5  08:31   35.8    0.0   0.00    1.7    7.3  22:57    267
 27   28.4   34.4  14:51   23.7  23:59   36.6    0.0   0.00    2.1    6.6  10:31    183
 28   22.1   31.2  14:44   14.3  07:45   42.9    0.0   0.00    2.5    6.4  14:41    193
 29   21.2   31.8  15:24   13.2  07:59   43.8    0.0   0.00    3.1    6.8  07:12    251
 30   22.4   32.7  15:06   12.6  07:28   42.6    0.0   0.00    2.9    6.4  21:22     91
 31   29.7   39.5  15:19   23.4  07:40   35.3    0.0   0.00    1.9    7.7  13:57    257
---------------------------------------------------------------------------------------
      30.1   51.2     07    1.9     01 1081.1    0.0   0.58    1.9   22.9     07    239
    
Updated: 02/01/2022 12:00:00 AM