South Meridian, Idaho

43° 33.05' N | 116° 21.16' W | 2687 feet | Show on map

Climate Summary for February 2022

04/16/2024 02:44:00 PM MDT

Station:WeatherFlow
Software:WeeWX v5.0.2
Weewx uptime:19 Days, 3 Hours, 27 Minutes
Server uptime:20 Days, 1 Hour, 26 Minutes

                   MONTHLY CLIMATOLOGICAL SUMMARY FOR Feb 2022


NAME: South Meridian, Idaho (CW9009)                  
ELEV: 2687 feet    LAT: 43-33.05 N    LONG: 116-21.16 W


                   TEMPERATURE (°F), RAIN (in), WIND SPEED (mph)

                                         HEAT   COOL         AVG
      MEAN                               DEG    DEG          WIND                   DOM
DAY   TEMP   HIGH   TIME    LOW   TIME   DAYS   DAYS   RAIN  SPEED   HIGH   TIME    DIR
---------------------------------------------------------------------------------------
 01   27.7   35.4  14:20   18.6  07:04   37.3    0.0   0.00    1.9    7.1  13:10    259
 02   28.6   34.7  13:58   21.1  08:26   36.4    0.0   0.00    2.1    8.5  11:07    252
 03   30.3   38.2  16:47   23.9  23:58   34.7    0.0   0.00    1.6    5.4  09:57    253
 04   28.2   40.4  14:56   17.8  08:26   36.8    0.0   0.00    2.1    8.2  14:35    172
 05   28.0   39.5  15:54   18.0  08:11   37.0    0.0   0.00    2.5    8.8  16:42    253
 06   31.2   42.5  14:50   22.5  04:20   33.8    0.0   0.00    1.9    8.8  12:50    131
 07   30.1   41.9  16:05   21.0  08:30   34.9    0.0   0.00    1.8    6.6  10:53    260
 08   29.0   40.2  16:15   18.9  07:47   36.0    0.0   0.00    1.5    6.5  11:09    251
 09   34.0   47.8  16:00   22.8  07:17   31.0    0.0   0.00    1.7    8.5  13:52    260
 10   39.3   55.1  16:14   29.6  03:58   25.7    0.0   0.00    1.2    7.1  17:24    250
 11   37.4   52.4  15:58   26.9  07:47   27.6    0.0   0.00    2.1   12.4  11:43    244
 12   33.8   45.2  14:57   25.9  08:04   31.2    0.0   0.00    1.7    7.3  13:51     73
 13   34.1   47.1  16:22   24.4  08:18   30.9    0.0   0.00    1.5    7.2  17:39    268
 14   37.0   53.2  15:06   29.8  01:21   28.0    0.0   0.12    1.9   12.3  16:58    268
 15   37.2   46.0  15:21   31.5  05:49   27.8    0.0   0.00    3.6   17.9  11:57    252
 16   37.0   47.0  15:58   30.5  02:41   28.0    0.0   0.00    2.7   14.8  12:48    254
 17   36.9   49.4  16:43   25.0  08:07   28.1    0.0   0.00    1.4   11.3  13:21    261
 18   37.9   52.9  15:34   25.3  07:51   27.1    0.0   0.00    1.3    7.6  16:00    263
 19   42.4   59.0  15:31   28.7  07:21   22.6    0.0   0.00    1.6    8.4  14:19    135
 20   38.0   47.6  12:41   29.9  07:38   27.0    0.0   0.00    2.0   14.9  16:02    257
 21   31.9   40.7  14:28   24.9  05:29   33.1    0.0   0.00    2.2   10.1  14:50    267
 22   27.3   31.1  11:42   20.7  23:58   37.7    0.0   0.00    2.5    8.5  23:24    275
 23   21.9   30.3  16:54   14.7  07:49   43.1    0.0   0.00    4.1   11.0  13:01    256
 24   23.6   29.0  16:50   18.6  01:30   41.4    0.0   0.00    3.0    7.9  16:26    254
 25   23.6   34.3  15:56   12.5  07:32   41.4    0.0   0.00    2.9    6.4  07:45    272
 26   27.2   39.6  14:48   17.0  07:41   37.8    0.0   0.00    2.9   11.9  12:20    108
 27   32.1   45.8  15:32   20.6  04:12   32.9    0.0   0.00    2.6   11.9  17:29     95
 28   42.6   57.5  15:44   32.1  05:57   22.4    0.0   0.00    1.3    8.4  14:50     93
---------------------------------------------------------------------------------------
      32.4   59.0     19   12.5     25  911.8    0.0   0.12    2.1   17.9     15    256
    
Updated: 03/01/2022 12:00:00 AM