South Meridian, Idaho

43° 33.05' N | 116° 21.16' W | 2687 feet | Show on map

Climate Summary for April 2023

07/14/2024 01:07:00 PM MDT

Station:WeatherFlow
Software:WeeWX v5.0.2
Weewx uptime:6 Days, 1 Hour, 33 Minutes
Server uptime:7 Days, 18 Hours, 50 Minutes

                   MONTHLY CLIMATOLOGICAL SUMMARY FOR Apr 2023


NAME: South Meridian, Idaho (CW9009)                  
ELEV: 2687 feet    LAT: 43-33.05 N    LONG: 116-21.16 W


                   TEMPERATURE (°F), RAIN (in), WIND SPEED (mph)

                                         HEAT   COOL         AVG
      MEAN                               DEG    DEG          WIND                   DOM
DAY   TEMP   HIGH   TIME    LOW   TIME   DAYS   DAYS   RAIN  SPEED   HIGH   TIME    DIR
---------------------------------------------------------------------------------------
 01   43.7   49.7  13:18   39.5  23:31   21.3    0.0   0.16    2.0   16.9  13:18    221
 02   41.9   52.9  15:11   35.2  07:43   23.1    0.0   0.00    1.4   12.7  16:34    253
 03   36.4   44.5  16:04   30.3  07:51   28.6    0.0   0.01    3.5   16.4  16:17    259
 04   36.5   46.6  16:05   30.8  07:22   28.5    0.0   0.00    3.8   17.3  11:29    259
 05   37.7   52.1  19:00   25.9  07:57   27.3    0.0   0.00    2.2   11.3  13:37    255
 06   44.9   58.0  15:38   32.4  07:23   20.1    0.0   0.00    3.1   15.3  16:57    117
 07   45.5   53.9  13:40   38.8  07:36   19.5    0.0   0.03    2.8   12.8  14:33    139
 08   49.6   64.9  16:46   35.2  07:56   15.4    0.0   0.00    1.0   10.0  11:49    227
 09   57.3   76.0  17:04   38.3  07:30    7.7    0.0   0.00    1.8    7.3  13:57    121
 10   63.6   81.6  17:11   46.1  06:42    1.4    0.0   0.00    3.6   13.7  12:10    120
 11   57.5   63.7  13:33   45.6  23:58    7.5    0.0   0.00    2.7   19.6  14:09    230
 12   43.6   50.5  16:22   36.1  23:59   21.4    0.0   0.00    2.8   12.9  19:16    252
 13   40.7   51.0  16:09   32.4  04:47   24.3    0.0   0.00    3.3   13.5  11:53    259
 14   43.4   57.2  16:46   28.8  06:43   21.6    0.0   0.00    1.9   13.1  14:34    255
 15   49.3   67.6  16:35   32.4  03:31   15.7    0.0   0.00    2.3   11.3  14:53    122
 16   58.7   76.4  17:58   42.3  06:26    6.3    0.0   0.00    2.8   12.3  18:12    181
 17   51.1   61.4  13:21   42.7  07:43   13.9    0.0   0.03    1.6   13.6  14:02    245
 18   39.5   46.0  00:00   31.9  23:58   25.5    0.0   0.15    2.8   21.2  02:41    261
 19   37.5   52.2  16:55   24.7  07:33   27.5    0.0   0.02    2.2   22.1  17:48    265
 20   41.4   54.3  16:35   28.1  07:19   23.6    0.0   0.00    1.6   10.8  13:40    257
 21   46.8   53.5  18:06   40.6  07:28   18.2    0.0   0.05    2.3   13.7  13:43    247
 22   49.0   60.2  19:29   41.3  07:24   16.0    0.0   0.00    1.7    8.0  15:25    249
 23   51.6   66.1  18:09   39.5  03:34   13.4    0.0   0.15    1.5    8.4  08:40    133
 24   49.5   57.4  17:21   42.2  23:58   15.5    0.0   0.00    2.9   20.4  18:19    251
 25   50.7   65.2  17:41   37.0  06:28   14.3    0.0   0.00    2.8   13.3  13:31    253
 26   55.2   71.9  17:04   37.3  06:47    9.8    0.0   0.00    1.2    7.9  13:49    255
 27   58.9   74.2  18:21   42.9  07:08    6.1    0.0   0.00    1.9   10.6  18:03    260
 28   62.4   82.1  19:26   42.7  06:51    2.6    0.0   0.00    1.6    8.5  10:12    124
 29   65.3   86.3  19:06   44.5  07:09    0.0    0.3   0.00    1.3    6.7  16:02    235
 30   71.2   92.6  18:04   52.1  06:59    0.0    6.2   0.01    1.3   11.1  20:01    128
---------------------------------------------------------------------------------------
      49.3   92.6     30   24.7     19  476.0    6.5   0.61    2.2   22.1     19    237
    
Updated: 05/01/2023 12:00:00 AM