South Meridian, Idaho

43° 33.05' N | 116° 21.16' W | 2687 feet | Show on map

Climate Summary for May 2023

06/17/2024 05:08:00 AM MDT

Station:WeatherFlow
Software:WeeWX v5.0.2
Weewx uptime:80 Days, 17 Hours, 52 Minutes
Server uptime:81 Days, 15 Hours, 50 Minutes

                   MONTHLY CLIMATOLOGICAL SUMMARY FOR May 2023


NAME: South Meridian, Idaho (CW9009)                  
ELEV: 2687 feet    LAT: 43-33.05 N    LONG: 116-21.16 W


                   TEMPERATURE (°F), RAIN (in), WIND SPEED (mph)

                                         HEAT   COOL         AVG
      MEAN                               DEG    DEG          WIND                   DOM
DAY   TEMP   HIGH   TIME    LOW   TIME   DAYS   DAYS   RAIN  SPEED   HIGH   TIME    DIR
---------------------------------------------------------------------------------------
 01   68.9   81.9  17:39   57.2  06:05    0.0    3.9   0.00    1.5    9.8  09:18    256
 02   65.7   79.3  18:34   54.6  07:15    0.0    0.7   0.00    1.0    7.0  19:30    242
 03   67.8   86.6  15:12   51.3  04:43    0.0    2.8   0.00    1.6   10.8  17:26    119
 04   65.8   77.3  13:35   53.6  23:59    0.0    0.8   0.00    2.2   10.5  17:51    116
 05   53.3   60.1  14:33   48.6  08:51   11.7    0.0   0.02    2.7   15.9  10:51    136
 06   53.5   65.5  18:06   45.3  05:37   11.5    0.0   0.02    1.5   10.6  19:07    241
 07   53.3   62.8  19:49   47.0  07:15   11.7    0.0   0.17    1.3    7.1  02:14    160
 08   53.0   68.7  14:37   45.7  07:59   12.0    0.0   0.57    2.3   24.2  18:46    144
 09   53.1   65.8  19:25   43.4  05:45   11.9    0.0   0.24    1.4    8.1  13:54    208
 10   55.3   71.1  18:54   39.9  06:49    9.7    0.0   0.00    1.2   10.1  15:35    252
 11   59.3   74.9  18:02   42.8  06:39    5.7    0.0   0.00    1.2    9.2  11:08    256
 12   62.6   79.9  19:12   45.1  06:49    2.4    0.0   0.00    1.3   10.3  15:50    255
 13   66.6   85.5  18:44   49.7  07:02    0.0    1.6   0.01    1.0    9.1  12:12    245
 14   63.9   71.3  16:56   55.3  06:00    1.1    0.0   0.02    0.9   10.6  16:42    124
 15   65.9   83.4  14:56   53.5  06:33    0.0    0.9   0.24    1.6   11.0  19:19    129
 16   68.4   84.0  16:57   54.9  07:03    0.0    3.4   0.00    1.2   10.0  19:10    249
 17   68.7   83.3  19:08   55.7  06:33    0.0    3.7   0.00    1.1    9.2  17:20    258
 18   70.0   85.8  17:11   54.2  06:46    0.0    5.0   0.00    0.8    6.7  14:36    241
 19   74.1   93.0  18:14   56.5  06:53    0.0    9.1   0.00    0.8    6.7  11:16    140
 20   75.4   93.5  17:16   57.7  06:49    0.0   10.4   0.00    0.7    7.1  12:07    223
 21   73.2   91.9  17:39   59.3  06:59    0.0    8.2   0.20    1.4   24.1  18:55    259
 22   65.5   75.1  18:00   55.7  07:53    0.0    0.5   0.00    0.9    7.7  11:23    248
 23   62.9   74.3  17:33   52.1  07:14    2.1    0.0   0.00    1.0   10.0  14:56    247
 24   64.9   79.1  16:56   53.6  08:32    0.1    0.0   0.00    0.8    6.5  11:06    221
 25   66.2   83.7  18:14   50.1  07:04    0.0    1.2   0.00    1.0    7.3  13:19    239
 26   66.6   78.4  17:07   57.7  06:58    0.0    1.6   0.00    0.8    8.5  22:53    219
 27   65.7   76.8  18:15   54.3  06:49    0.0    0.7   0.00    0.7    9.9  15:11    248
 28   66.4   81.9  19:09   49.8  06:28    0.0    1.4   0.00    1.0    9.8  16:38    256
 29   70.2   87.4  19:06   52.5  06:37    0.0    5.2   0.00    0.9    7.5  17:21    250
 30   70.5   84.5  14:44   56.9  06:34    0.0    5.5   0.00    1.1   11.9  17:49    249
 31   63.4   74.2  14:29   58.2  06:38    1.6    0.0   0.03    0.9    9.6  16:38    257
---------------------------------------------------------------------------------------
      64.5   93.5     20   39.9     10   81.4   66.6   1.53    1.2   24.2     08    211
    
Updated: 06/01/2023 12:00:00 AM