South Meridian, Idaho

43° 33.05' N | 116° 21.16' W | 2687 feet | Show on map

Climate Summary for September 2023

04/16/2024 01:38:00 PM MDT

Station:WeatherFlow
Software:WeeWX v5.0.2
Weewx uptime:19 Days, 2 Hours, 21 Minutes
Server uptime:20 Days, 0 Hours, 20 Minutes

                   MONTHLY CLIMATOLOGICAL SUMMARY FOR Sep 2023


NAME: South Meridian, Idaho (CW9009)                  
ELEV: 2687 feet    LAT: 43-33.05 N    LONG: 116-21.16 W


                   TEMPERATURE (°F), RAIN (in), WIND SPEED (mph)

                                         HEAT   COOL         AVG
      MEAN                               DEG    DEG          WIND                   DOM
DAY   TEMP   HIGH   TIME    LOW   TIME   DAYS   DAYS   RAIN  SPEED   HIGH   TIME    DIR
---------------------------------------------------------------------------------------
 01   69.3   82.0  16:13   61.4  06:48    0.0    4.3   0.00    0.8    8.2  18:33    269
 02   70.9   79.7  17:44   63.4  07:57    0.0    5.9   0.01    0.4    7.0  23:46    258
 03   66.9   71.5  16:33   63.8  23:57    0.0    1.9   0.12    0.5    5.1  00:09    266
 04   65.8   75.6  18:40   58.4  08:26    0.0    0.8   0.00    0.6    8.1  12:30    254
 05   68.5   84.3  16:56   54.3  07:57    0.0    3.5   0.00    0.9    4.8  09:40    138
 06   71.4   90.5  16:39   58.6  07:28    0.0    6.4   0.08    1.3    9.1  17:40    116
 07   72.1   87.2  17:26   57.6  07:53    0.0    7.1   0.00    0.6    5.3  23:27    245
 08   69.1   83.2  16:00   55.6  07:28    0.0    4.1   0.00    0.6    6.5  12:30    238
 09   69.6   87.2  17:53   53.7  07:25    0.0    4.6   0.00    0.5    4.5  14:31    241
 10   71.6   88.3  16:18   55.6  07:36    0.0    6.6   0.00    0.5    5.7  15:41    169
 11   72.4   90.8  16:57   55.8  07:25    0.0    7.4   0.00    0.5    6.8  12:09    134
 12   70.9   84.8  18:02   59.8  06:01    0.0    5.9   0.00    0.4    5.4  16:13    257
 13   69.0   80.4  17:36   58.9  08:28    0.0    4.0   0.00    0.6    7.7  15:24    262
 14   65.5   80.5  17:41   51.9  07:36    0.0    0.5   0.00    0.7    5.3  10:11    243
 15   68.0   87.2  16:15   50.5  06:27    0.0    3.0   0.00    0.6    5.2  15:41    164
 16   70.6   90.1  15:47   53.3  07:24    0.0    5.6   0.00    0.7    4.9  16:43    136
 17   68.7   84.8  17:12   54.3  07:58    0.0    3.7   0.00    0.4    5.3  14:18    178
 18   67.3   83.4  16:25   53.9  08:06    0.0    2.3   0.00    0.5    4.7  16:27    178
 19   62.4   73.5  17:02   50.4  08:00    2.6    0.0   0.00    0.6    6.4  10:53    220
 20   55.3   68.8  15:44   42.5  07:56    9.7    0.0   0.00    0.9    7.5  12:04    226
 21   52.6   64.8  15:50   42.3  08:01   12.4    0.0   0.00    0.9    7.7  16:30    242
 22   56.6   68.6  17:27   48.3  07:23    8.4    0.0   0.04    0.8    8.5  02:13    205
 23   60.3   77.6  17:08   44.6  07:38    4.7    0.0   0.00    1.5    7.1  11:54    127
 24   63.5   77.3  16:25   52.8  08:11    1.5    0.0   0.00    1.0    6.7  07:18    119
 25   68.2   85.1  15:12   54.3  07:47    0.0    3.2   0.00    1.2    8.2  12:20    110
 26   64.5   78.0  15:22   49.3  07:35    0.5    0.0   0.00    0.6    4.7  14:03    196
 27   58.4   71.7  15:32   46.2  07:15    6.6    0.0   0.00    0.7    4.8  15:26    186
 28   54.7   66.8  17:10   41.6  08:12   10.3    0.0   0.00    0.7    5.2  14:39    217
 29   59.3   76.6  16:10   44.0  07:55    5.7    0.0   0.00    0.8    4.9  11:47    235
 30   53.9   58.5  00:00   48.6  23:44   11.1    0.0   0.11    0.7    6.2  02:12    167
---------------------------------------------------------------------------------------
      65.3   90.8     11   41.6     28   73.4   81.0   0.36    0.7    9.1     06    193
    
Updated: 10/01/2023 12:00:00 AM