South Meridian, Idaho

43° 33.05' N | 116° 21.16' W | 2687 feet | Show on map

Climate Summary for November 2023

04/16/2024 01:32:00 PM MDT

Station:WeatherFlow
Software:WeeWX v5.0.2
Weewx uptime:19 Days, 2 Hours, 15 Minutes
Server uptime:20 Days, 0 Hours, 14 Minutes

                   MONTHLY CLIMATOLOGICAL SUMMARY FOR Nov 2023


NAME: South Meridian, Idaho (CW9009)                  
ELEV: 2687 feet    LAT: 43-33.05 N    LONG: 116-21.16 W


                   TEMPERATURE (°F), RAIN (in), WIND SPEED (mph)

                                         HEAT   COOL         AVG
      MEAN                               DEG    DEG          WIND                   DOM
DAY   TEMP   HIGH   TIME    LOW   TIME   DAYS   DAYS   RAIN  SPEED   HIGH   TIME    DIR
---------------------------------------------------------------------------------------
 01   44.6   56.6  15:51   34.7  08:54   20.4    0.0   0.00    0.6    5.0  14:58    218
 02   47.1   50.5  12:30   44.0  08:25   17.9    0.0   0.27    1.0    7.4  08:58    281
 03   46.5   54.2  15:49   42.1  01:50   18.5    0.0   0.04    0.9    7.5  17:21    239
 04   48.9   53.5  14:31   44.9  05:57   16.1    0.0   0.21    1.3   12.1  10:57    169
 05   52.8   63.5  15:07   45.2  07:33   12.2    0.0   0.00    0.8    8.4  01:30    203
 06   49.9   54.5  11:49   42.5  23:04   15.1    0.0   0.12    1.1    8.9  08:44    175
 07   45.5   54.8  14:06   40.4  07:49   19.5    0.0   0.00    1.2    9.7  13:14    251
 08   39.5   48.8  15:24   32.9  08:00   25.5    0.0   0.00    1.3   10.4  10:50    262
 09   39.5   52.4  14:28   30.0  05:37   25.5    0.0   0.00    1.7   10.0  12:40    209
 10   42.8   53.0  14:42   36.0  07:27   22.2    0.0   0.00    0.7    5.9  13:27    239
 11   47.9   59.4  14:30   39.9  23:59   17.1    0.0   0.00    1.6    9.3  10:52    157
 12   47.4   62.8  14:51   34.2  06:58   17.6    0.0   0.00    1.6    9.4  11:00    141
 13   49.7   61.2  13:56   38.8  23:53   15.3    0.0   0.00    1.6   10.7  03:56    156
 14   45.2   57.5  14:19   35.7  03:37   19.8    0.0   0.00    1.0   10.3  09:37    249
 15   49.1   64.0  14:55   40.1  23:53   15.9    0.0   0.00    1.2    8.2  09:28    221
 16   46.5   58.6  14:48   38.0  23:59   18.5    0.0   0.00    0.8    6.0  08:38    250
 17   42.9   57.7  14:33   32.7  07:25   22.1    0.0   0.00    0.9    5.1  09:55    249
 18   45.6   54.7  16:00   36.0  00:00   19.4    0.0   0.03    1.1   10.9  22:06    162
 19   44.6   49.2  00:00   36.2  23:59   20.4    0.0   0.30    3.5   17.0  09:07    253
 20   36.5   45.0  15:00   29.3  07:52   28.5    0.0   0.00    1.7    6.9  11:43    266
 21   37.4   48.2  15:01   29.8  07:01   27.6    0.0   0.00    1.7   11.1  12:52    214
 22   34.8   43.8  14:46   27.2  07:54   30.2    0.0   0.01    1.9    8.0  14:50    273
 23   37.9   45.8  15:25   33.7  06:53   27.1    0.0   0.00    2.4   16.7  15:14    261
 24   34.9   43.0  14:26   28.5  08:38   30.1    0.0   0.00    2.3    9.4  01:33    270
 25   30.1   38.9  14:56   21.0  07:54   34.9    0.0   0.00    2.1    6.0  12:09    270
 26   28.7   37.7  14:19   22.3  08:11   36.3    0.0   0.00    1.9    5.7  07:42    289
 27   27.7   37.8  14:51   20.5  07:59   37.3    0.0   0.00    2.0    6.3  15:04    273
 28   28.1   37.0  14:55   20.6  02:39   36.9    0.0   0.00    1.9    5.4  07:50    278
 29   25.3   34.5  15:59   17.4  07:55   39.7    0.0   0.00    2.7    4.7  11:12    273
 30   30.4   36.7  15:12   23.1  00:14   34.6    0.0   0.00    1.5    4.3  18:39    278
---------------------------------------------------------------------------------------
      41.0   64.0     15   17.4     29  722.3    0.0   0.98    1.5   17.0     19    254
    
Updated: 12/01/2023 12:00:00 AM