South Meridian, Idaho

43° 33.05' N | 116° 21.16' W | 2687 feet | Show on map

Climate Summary for July 2024

07/14/2024 01:29:00 PM MDT

Station:WeatherFlow
Software:WeeWX v5.0.2
Weewx uptime:6 Days, 1 Hour, 55 Minutes
Server uptime:7 Days, 19 Hours, 12 Minutes

                   MONTHLY CLIMATOLOGICAL SUMMARY FOR Jul 2024


NAME: South Meridian, Idaho (CW9009)                  
ELEV: 2687 feet    LAT: 43-33.05 N    LONG: 116-21.16 W


                   TEMPERATURE (°F), RAIN (in), WIND SPEED (mph)

                                         HEAT   COOL         AVG
      MEAN                               DEG    DEG          WIND                   DOM
DAY   TEMP   HIGH   TIME    LOW   TIME   DAYS   DAYS   RAIN  SPEED   HIGH   TIME    DIR
---------------------------------------------------------------------------------------
 01   72.4   86.0  19:14   58.7  06:42    0.0    7.4   0.00    0.5    6.1  13:40    288
 02   72.3   87.9  19:17   57.1  06:53    0.0    7.3   0.00    0.3    7.0  16:41    285
 03   71.4   87.4  19:46   55.5  06:48    0.0    6.4   0.00    0.5    9.1  15:18    279
 04   73.1   92.3  19:46   54.0  06:54    0.0    8.1   0.00    0.4    7.5  10:33    280
 05   76.0   96.9  20:01   56.0  06:27    0.0   11.0   0.00    0.5    6.2  16:08    278
 06   79.0  100.3  19:52   56.4  06:35    0.0   14.0   0.00    0.4    4.9  17:46    333
 07   79.4   99.2  20:03   58.6  06:49    0.0   14.4   0.00    0.5    7.6  18:18    279
 08   81.2  102.5  19:26   60.3  06:44    0.0   16.2   0.00    0.5    6.3  13:11    277
 09   84.9  105.4  18:54   64.0  06:28    0.0   19.9   0.00    0.4    6.4  16:16    273
 10   88.4  109.1  18:33   67.8  07:00    0.0   23.4   0.00    0.3    6.2  12:00    296
 11   86.3  103.9  19:02   68.8  07:07    0.0   21.3   0.00    0.3    6.0  10:53    286
 12   84.4  104.5  19:09   64.6  06:53    0.0   19.4   0.00    0.3    5.3  10:54    295
 13   85.2  106.3  18:48   66.6  06:57    0.0   20.2   0.00    0.2    4.9  11:18    282
 14   79.8   91.8  12:42   72.7  06:37    0.0   14.8   0.00    0.3    6.3  13:09    286
 15
 16
 17
 18
 19
 20
 21
 22
 23
 24
 25
 26
 27
 28
 29
 30
 31
---------------------------------------------------------------------------------------
      79.5  109.1     10   54.0     04    0.0  203.8   0.00    0.4    9.1     03    283
    
Updated: 07/14/2024 01:29:00 PM