South Meridian, Idaho

43° 33.05' N | 116° 21.16' W | 2687 feet | Show on map

Climate Summary for 2024

07/14/2024 03:06:00 PM MDT

Station:WeatherFlow
Software:WeeWX v5.0.2
Weewx uptime:6 Days, 3 Hours, 31 Minutes
Server uptime:7 Days, 20 Hours, 49 Minutes
                     CLIMATOLOGICAL SUMMARY FOR 2024


NAME: South Meridian, Idaho                  
ELEV: 2687 feet    LAT: 43-33.05 N    LONG: 116-21.16 W


                                       TEMPERATURE (°F)

                              HEAT    COOL                              MAX    MAX    MIN    MIN
          MEAN   MEAN         DEG     DEG                                >=     <=     <=     <=
 YR  MO   MAX    MIN    MEAN  DAYS    DAYS      HI  DAY     LOW  DAY     90     32     32      0
------------------------------------------------------------------------------------------------
2024 01   40.3   26.3   32.8  997.7    0.0    63.8   31    -1.9   16      0      5     22      1
2024 02   50.1   33.4   41.1  692.9    0.0    63.7   25    24.1   10      0      0     11      0
2024 03   54.8   34.3   43.9  654.6    0.0    70.9   20    23.5   07      0      0     11      0
2024 04   65.1   39.7   52.2  384.6    0.5    82.6   13    30.6   18      0      0      4      0
2024 05   73.5   45.3   58.6  215.0   16.7    91.4   27    37.6   01      2      0      0      0
2024 06   89.2   56.5   71.9   23.0  231.1   102.7   22    40.1   18     14      0      0      0
2024 07   98.1   61.5   79.6    0.0  204.8   109.1   10    54.0   04     11      0      0      0
2024 08
2024 09
2024 10
2024 11
2024 12
------------------------------------------------------------------------------------------------
          64.7   40.8   52.2 2967.9  453.2   109.1  Jul    -1.9  Jan     27      5     48      1


                  PRECIPITATION (in)

                  MAX         ---DAYS OF RAIN---
                  OBS.               OVER
 YR  MO  TOTAL    DAY  DATE   0.01   0.10   1.00
------------------------------------------------
2024 01   0.49   0.15    05      7      2      0
2024 02   1.52   0.55    03     11      4      0
2024 03   1.46   0.73    28      7      3      0
2024 04   2.40   1.73    04      7      2      1
2024 05   1.37   0.47    22      7      4      0
2024 06   0.50   0.32    03      5      1      0
2024 07   0.00   0.00    01      0      0      0
2024 08
2024 09
2024 10
2024 11
2024 12
------------------------------------------------
          7.74   1.73   Apr     44     16      1


           WIND SPEED (mph)

                                DOM
 YR  MO    AVG     HI   DATE    DIR
-----------------------------------
2024 01    2.2   16.7     12    267 
2024 02    1.8   26.7     26    214 
2024 03    1.8   18.2     23    248 
2024 04    1.6   15.6     25    241 
2024 05    1.1   12.2     04    246 
2024 06    0.5   14.3     17    273 
2024 07    0.4    9.1     03    283 
2024 08
2024 09
2024 10
2024 11
2024 12
-----------------------------------
           1.4   26.7    Feb    248

Updated: 07/14/2024 03:06:00 PM